s -11 - (15 - 26) - -9?
9
Evaluate 0 + 8 - (-32 - -39 - -11).
-10
Calculate (5 - (19 + -33)) + -12.
7
What is -53 - -67 - (30 - -1)?
-17
Calculate (-12 + 14 - -2 - -11) + -9.
6
(-27 - (-12 + -9)) + 20
14
24 + -56 + (69 - 10)
27
Calculate 15 + 1 + (34 - -3 - 26).
27
Evaluate -41 - -30 - ((-2 - (3 + -2)) + 3).
-11
Calculate -25 - (-3 - (8 + (-13 - -14))).
-13
(-4 - 0 - -13) + 4
13
Calculate -16 + 17 + 0 + (4 - 14) + 34.
25
What is -11 + (5 + -12 - (12 - 12))?
-18
17 + -32 + 18 - (-1 + -7)
11
Evaluate (-17 - -19 - 4) + 2 + 6.
6
Evaluate 38 - 58 - 10 - -45.
15
What is the value of 38 + -1 + 3 - 41?
-1
What is -42 + 0 + (-80 - -38 - -54)?
-30
What is 17 - -1 - ((-66 - -78) + -13)?
19
Calculate (0 - 8) + (70 - 66).
-4
What is -26 + 1 - (94 - 110)?
-9
(-16 + 8 - (3 + -5)) + 57 + -39
12
Evaluate 394 - 391 - (-7 - 1).
11
What is the value of 6 + -2 + 1 + (7 - (11 + -2))?
3
What is 1 - 6 - (-9 - -4 - (-51 - -56))?
5
What is the value of -6 - (5 + 6 + (-20 - -5 - 8))?
6
Calculate -3 + (-16 - -30) + -6.
5
-10 - (-36 + 75 - 28)
-21
-2 + 22 + (-37 - -47) + -27
3
Evaluate 1 - (2 + (8 - 0) + -8).
-1
What is the value of 1 - (9 + -3 + -7) - 1 - 3?
-2
Evaluate (-5 - 3) + 1 + 3 + -2 + -3.
-9
Evaluate -62 - (-18 - 0 - 10).
-34
8 + 0 - (-44 - (-55 - 6))
-9
Calculate -1 + -1 + -6 - -13.
5
Evaluate 3 + (13 - (5 - -7)).
4
Evaluate (-19 - (11 + -16)) + 1.
-13
What is the value of (17 - (58 + -51)) + (-6 - 1)?
3
-10 + 1 + (343 - 318)
16
Calculate (-13 - 1) + (-3 - -7).
-10
What is 181 - 203 - (-18 - 1) - (0 - -24)?
-27
Evaluate 15 + -3 + 45 + -44.
13
14 + (-12 - -3 - 0)
5
What is -24 + 59 - 2 - 15?
18
-14 + (1 + 10 - (67 + -77))
7
What is 1 + -1 - (30 - 41) - 10?
1
-1 + (0 + 4 - 2) - (-3 + -2)
6
Evaluate 14 - (1 + (12 - 13) + 25).
-11
What is the value of -6 - ((6 - 4) + -11)?
3
Evaluate 20 + (-27 + -3 - -17) - (0 - 0).
7
Calculate 4 - (-39 + 53 - (2 - 0)) - -1.
-7
What is 2 + 0 - (-426 + 453)?
-25
Calculate 135 + -134 + (-9 + 2 - (3 + -5)).
-4
What is (-15 - -8) + 30 + -15?
8
What is -2 + (6 + -3 - 4 - (-30 + 20))?
7
Calculate -25 - (-6 + -4) - (-33 + 18).
0
What is 75 + -65 - (-2 + (2 + 4 - 20))?
26
Calculate 11 - (14 - (-23 - -8)).
-18
-2 - 2 - (-26 - -9)
13
Calculate (1 - (1 + (-4 - 2) + 8)) + -1.
-3
What is (-1 + -2 - -17) + (-9 + -4 - -8)?
9
Calculate -7 - ((-1 - -5) + 10 + 3 + -5).
-19
Evaluate -5 + 8 + -2 + 0 + (-6 - -2).
-3
(-3 - (-4 + 2 - 0)) + (1 - -5)
5
Calculate 664 + -665 + (0 - 21).
-22
Calculate -16 + -2 + (-14 - -20 - (-1 + 0)).
-11
Evaluate (-9 - -10) + 9 + -1 - 4.
5
-21 - (-1 + 13 - 43)
10
What is the value of 1213 + -1224 - (-31 + 1)?
19
Calculate -9 + 0 + 5 + (3 + 3 - 8).
-6
Evaluate -24 + 28 + -34 + -5 + 4 + -1.
-32
What is -12 + 31 - 28 - (5 - 0)?
-14
What is (183 - 162) + 4 + 1?
26
-17 + 5 + -9 + 14 + (-1 - 1)
-9
What is 7 - (44 + 1 + -12 + 0) - -7?
-19
Evaluate (-109 - -107) + (-1 - -1) + -2.
-4
(-1 - -1) + -33 + 32 - -5
4
Calculate (-16 - -25) + (-42 - -2) - (2 - 5).
-28
What is -43 - -41 - (13 - 1)?
-14
What is -8 - (2 - 4) - (176 + -174)?
-8
Evaluate (-30 + (7 - 1) - -7) + 8.
-9
-11 + (-9 + 56 - 19)
17
What is the value of 10 - 16 - (11 + -13)?
-4
What is 23 - (37 + (19 - 34))?
1
Evaluate 20 + 0 - (-2359 + 2389).
-10
Evaluate 2 + (4 - -6) - 12.
0
Evaluate 6 + (-14 - -25 - -9).
26
What is (6 - 7) + 6 + (-10 - (7 + -11))?
-1
(-2 - (-8 - (-4 + 7))) + -2
7
What is 19 + ((2 - -6) + -43 + 42 - 10)?
16
1 + 15 + (-397 - -365)
-16
Evaluate -8 + -7 + (39 - 8).
16
Calculate 15 - (5 + -1 - (-16 + 27 + -6)).
16
Calculate -8 + 11 + 5 + -9.
-1
What is the value of 1 - (-4 - -22) - -2?
-15
What is 81 - 83 - -36 - (-2 - 1)?
37
What is 10 - (-28 - (19 - 37)) - -14?
34
Calculate (-4 - (1 + 0)) + (68 - 56) + -5.
2
Evaluate (1 - 23) + (-1807 - -1846).
17
Calculate -5 + (-4 - (12 - 11) - -1).
-9
Calculate -7 + (13 - 20 - -6).
-8
-6 + 4 + (3 - (-8 - -11))
-2
What is -11 + ((-1 - 15) + 10 - -5)?
-12
Calculate -9 + (-3 - (-6 - 2)) + 2.
-2
What is (0 - -41) + -31 - -16?
26
Evaluate 1 + -1 + 43 + -4 + -30.
9
What is the value of -8 + (-22 - -45) - 5?
10
Calculate -12 - (-7 - -1 - (-301 - -284)).
-23
Evaluate 29 + 6 - 5 - 19.
11
7 + (-5 - 2) + 3 + 2 - 4
1
What is the value of 0 + -12 - (40 + -57 - -21)?
-16
Evaluate -12 - -6 - (2 + 2 - 5 - -5).
-10
What is -27 - (-15 + 2 + -1)?
-13
Calculate -5 + (3 - -5) + 5 + -2 - 1.
5
Evaluate 12 - (-15 - -21 - -10) - -17.
13
What is 15 + (0 + 13 - 28) - (0 - -1)?
-1
Evaluate -37 + 40 + 0 + -6.
-3
Evaluate (10 - 13 - 9) + 0.
-12
Evaluate -18 + -1 - (-145 - -122) - (30 + 1).
-27
Evaluate 4 + 0 - (68 + -72 + 4).
4
Evaluate 13 + 14 + 6 - (8 - 7 - -6).
26
5 - (19 + -50 + 29)
7
Evaluate -5 + (-2 - -14) + (22 - 22).
7
What is the value of 4 + (-20 - -16) + -10?
-10
Evaluate 18 - (-3 + -15 + 24).
12
What is 6 + 0 + -4 - (-4 - (-18 + -1))?
-13
Calculate -48 + 52 + (-32 - -27).
-1
18 + (7 - (-15 + 34))
6
Calculate -11 - -49 - (16 - 5).
27
Calculate 1 + 0 + -16 + 584 + -584.
-15
Evaluate -5 + (-3 - 2) - -10 - 13.
-13
Calculate (21 - 15) + 20 + -3 + 5.
28
What is (1 - 0) + 84 + -95?
-10
What is (-17 - -5) + 11 + 3?
2
Evaluate (16 - 25 - -14) + -4 + 1 + -3.
-1
What is the value of 9 + 0 - (-6 + 20 - 30 - -61)?
-36
-11 + (4 - 1) + 0 + -1
-9
Evaluate -21 + 0 - (49 - (63 - 0)).
-7
What is -1 + (4 - 2) + -14 + 9 + 8?
4
Evaluate -97 - -119 - (1 + 0) - (-2 - -1).
22
Evaluate -5 - (-1 + (-24 - ((11 - 6) + -7))).
18
What is 15 + (9 - (40 - (8 + -7)))?
-15
What is the value of 5 - (-33 + (-6 - -11) - -12)?
21
9 - ((5 - -2) + 2 + -10)
10
Evaluate (24 - 17) + -2 + (2 - 1).
6
17 + -27 - (-6 + -9)
5
What is -42 + 25 + 38 + -19?
2
What is the value of 5 + (2 + 8 - (8 - -1) - 6)?
0
What is the value of -4 + 14 + (10 - 6)?
14
Calculate -27 - 14 - (46 + -58).
-29
(-124 - -126) + (12 - (-2 + 0 - 3))
19
17 + -1 + (-6 - (1 + 14 - 31))
26
What is the value of -5 + -7 - (1 - (15 + 0))?
2
What is the value of (-11 - (6 - (-3 - -3))) + 9?
-8
Calculate 13 + -5 + 4 + -8 - (19 - 1).
-14
Evaluate -3 + (6 - (-8 + (12 + 2 - 10))).
7
0 + 1 - 4 - (-70 + 137 + -68)
-2
What is the value of -12 - -6 - (4 - ((-2 - -9) + 1))?
-2
What is the value of 5 - (-3 - (2 + -6)) - 2 - 13?
-11
Evaluate -42 + 1 + 25 + (26 - -2).
12
What is (-17 - -9) + (24 - 14)?
2
Calculate (-15 - (-8 + 1)) + -2 - -8.
-2
Evaluate (-5 - (5 + -2)) + (30 - 12).
10
Evaluate 0 + -5 + -7 + 20 + 7 + 0.
15
Calculate -10 + 3 - (-3 - (-3 - (-1 + 3))).
-9
(62 - 59) + 4 + -19
-12
Evaluate (21 - (-8 + 51)) + -9.
-31
What is -5 + -5 + 43 + -55 + 0 + 1?
-21
-8 + 17 + -14 + -1 + -6
-12
What is (-3 - (-2 + 5) - (18 + -10)) + 7?
-7
Calculate (-17 - (-12 + 3)) + 2 - (2 + -2).
-6
Calculate -1 + -2 + -9 + 2 + (-1348 - -1345).
-13
What is the value of (-35 - 1) + (19 - 16 - -7)?
-26
What is the value of 1569 - 1580 - (-1 + 1)?
-11
-25 + -15 + 12 + 21
-7
Evaluate -14 - (-10 + (1 - 5)).
0
Calculate -5 + 3 + -6 + 21 + -44 + 24.
-7
What is (12 - -1) + (10 - 18 - 2)?
3
What is the value of (-10 - -2) + -9 + 2 + 9?
-6
What is 10 + -2 + (-1 - -2) - (1562 + -1573)?
20
(15 - (-1 - -2)) + 14 + -28 + 5
5
What is the value of 52 - (-9 + 34 + 8)?
19
-23 - (-11 - (15 - 16))
-13
Evaluate -3 + (-10 - -6) - 6 - 3.
-16
8 + -22 + 56 + -13
29
Evaluate 13 + -70 + 0 + 30.
-27
Evaluate -74 + 66 - (7 - 3).
-12
(1 - 46) + (341 - 300)
-4
What is -24 - (1 - (22 + -13))?
-16
Evaluate 4 + -3 + (-7 - (-2 - 5 - -11)).
-10
What is -2 - -13 - 0 - 2?
9
What is the value of 46 - 14 - (2 + 39)?
-9
What is the value of -2 + (-25 - -27 - (5 + -2)) - 1?
-4
What is -8 - (-2 + 4) - (-33 - -44)?
-21
What is the value of -23 + 42 + 5 - (0 - -2)?
22
-4 + -5 + 2 - -12
5
What is (35 - (30 - 11)) + (-2 + 2 - -2)?
18
What is -3 - (2 - ((10 - 25) + 8 + 1))?
-11
Calculate -7531 + 7530 + (5 - (0 - (0 - -1))).
5
Evaluate (-8 - (3 + 2) - 8) + 13.
-8
Calculate -62 + 21 + 16 - -11.
-14
What is the value of -2 - (-5 + -3 - (11 - (2 - -17)))?
-2
What is (0 + -16 - (10 - 16)) + -5?
-15
What is the value of (-5 - (5 - 48)) + 247 + -262?
23
Evaluate -10 - (3 + 0 + -5 + 2 + -3).
-7
Evaluate 7 + (-26 - -19) + (-1 - -10).
9
Evaluate -90 + 43 + (-26 - -39).
-34
(-1 - 0) + 11 - (-3 - 0)
13
25 - (-6 - (-3 - 18) - 5 - 2)
17
What is -12 + 0 + (33 - (41 - 9))?
-11
Calculate -6 + (44 - (6 - (-1 - -5)) - 9).
27
What is the value of 53 + -119 - -66 - (-23 - 0)?
23
What is the value of (3 - 21) +